= b. What are the prime factors of b?
13
Let o = 13 + -27. Let v = 33 + o. List the prime factors of v.
19
List the prime factors of 1*-8 - (55 + -1867).
2, 11, 41
Let h = 2542 - 1613. List the prime factors of h.
929
Let y = 34 - 32. What are the prime factors of 14*(5/y - 0)?
5, 7
Let i(b) = -59*b + 49. Let k(g) = -40*g + 33. Let j(t) = -5*i(t) + 7*k(t). List the prime factors of j(8).
2, 53
Let o = 26 + -24. Suppose -30 = -o*r - 3*r. What are the prime factors of (-15)/r*(-148)/10?
37
Suppose -3*d = 4*l + 19 + 10, -3*l = -2*d + 9. Let j be ((-74)/5)/(l/25). Suppose j = 4*s + 14. List the prime factors of s.
3, 5
What are the prime factors of (-1 - -720) + (-6)/(42/35)?
2, 3, 7, 17
Let g(n) = 2*n - n + 7 - 6*n. Let x(p) = 6*p - 6. Let o(f) = 5*g(f) + 6*x(f). List the prime factors of o(3).
2
Let a(s) = s**2 + 20*s + 65. Let c be a(-19). Suppose -7*m = -9*m + c. What are the prime factors of m?
23
Suppose 304 = -3*k + 7*k + 3*v, -4*v - 95 = -k. Suppose 0 = -2*f - k + 287. List the prime factors of f.
2, 13
Suppose -4*f = 8 - 24. Suppose -2*t + f*g + 250 = -g, 4*t - g = 464. What are the prime factors of t?
5, 23
Suppose -5*t - 4*c - 276 = -1380, -3*t + 664 = 4*c. Suppose 0 = -5*h + 20 + t. Suppose h = -5*s + 7*s. What are the prime factors of s?
2, 3
Let o be (-1)/(-1)*17 - 0. Suppose -3*b = r - 10, 2*r - o = -5*b - 0*r. Suppose 3*t - 126 = -5*m - 31, 0 = -3*m + b. What are the prime factors of t?
2, 3, 5
Suppose -21*k + 18*k + 3*r - 3 = 0, k = -5*r + 23. Suppose 0 = -3*t + 2*t + 4. What are the prime factors of k/((-179)/(-44) - t)?
2, 11
Let w = 1938 + -1355. What are the prime factors of w?
11, 53
Let m(j) = -j - 3. Let d be m(-3). Suppose d*i + i = 0. Suppose i = -4*a - 4*o + 80, 4*a - 2*o = a + 50. List the prime factors of a.
2, 3
List the prime factors of 4158/(-165)*-2*(-15)/(-12).
3, 7
Let d = -3 + 5. Let z = d - -1. List the prime factors of z/(-2) - (-190)/20.
2
Suppose 0 = 4*m - 816 - 812. What are the prime factors of m?
11, 37
Let c = -15 - -10. Let g be -60*c/((-25)/(-4)). List the prime factors of ((-6)/(-8))/(2/g).
2, 3
Let c be 5/((-10)/(-4))*(-1430)/(-20). Suppose 0*s + 11*s - c = 0. What are the prime factors of s?
13
Let h = -117 + 52. What are the prime factors of (-3)/(-1)*-1 - h?
2, 31
Let d(x) = -x**3 - 4*x**2 + 6*x - 2. Let l be ((-24)/28)/(3/21). List the prime factors of d(l).
2, 17
Let w(a) = -a**3 + a + 41. Let i = -1 + 6. Suppose i*q = 8*q. List the prime factors of w(q).
41
Let r = -3 - 7. Let a(b) = -b**3 - 11*b**2 - 15*b - 3. List the prime factors of a(r).
47
What are the prime factors of 1866/4 + -23*5/(-230)?
467
Let w(o) = -2*o**2 + 15*o + 4. Let g be w(-6). Let h = -15 - g. List the prime factors of h.
11, 13
Suppose 4*d - 2*r = 5366, 2*r - 2534 - 1501 = -3*d. What are the prime factors of d?
17, 79
Suppose -4*m - 2521 = -4*k + m, -4*m + 3182 = 5*k. Suppose 3*s + 138 - k = -d, -5*s + 834 = -2*d. List the prime factors of s.
2, 83
List the prime factors of 2/3*125172/38.
2, 3, 61
Let p = 336 + 307. What are the prime factors of p?
643
Suppose 463 = 3*t - 929. List the prime factors of t.
2, 29
Suppose 3*k = -5*p + 1510, 0*p = -5*p - 5*k + 1510. What are the prime factors of p?
2, 151
Let r = 9 + -13. Let w = -1 - r. Suppose -w*y + y + 8 = 0. What are the prime factors of y?
2
Let f be (18/(-12))/((-6)/4). List the prime factors of (188/(-2))/(-3 - -2 - f).
47
Let d = 2101 + -996. What are the prime factors of d?
5, 13, 17
Let n = 433 + -184. What are the prime factors of n?
3, 83
Let p(k) = k**3 - 4 - 10*k + 12*k - 15 + 10*k**2 - 3*k. List the prime factors of p(-8).
3, 13
Let h(t) = -4*t + 65 + t**2 - 65. Let l be h(4). Suppose 6*j - j - 40 = l. List the prime factors of j.
2
Let h = 759 + -251. What are the prime factors of h?
2, 127
Let r be ((-144)/30)/(6/(-140)). Suppose -x - 2*u + r = 0, -4*u + 108 = x - 0*x. What are the prime factors of x?
2, 29
Let z(w) = w**3 - 4*w**2 - 39*w + 23. List the prime factors of z(16).
7, 353
Let h(s) = 4*s**2 - 2*s + 4. Let l be h(2). Suppose -12*m + l*m - 648 = 0. List the prime factors of m.
2, 3
Let j(s) = -5*s + 6. Suppose -m = -5*n - 109, -5*n - 114 = 6*m - 2*m. What are the prime factors of j(n)?
2, 29
Suppose f + f = 10. Suppose -2*r - 137 = -f*u - 2, -5*r = 25. List the prime factors of u.
5
Let o(k) = -2*k. Let p be o(-2). Let h = -1 - -1. Suppose 0 = -p*b + 3*b + 2*a + 16, h = 3*b - 4*a - 40. List the prime factors of b.
2
Let u(n) be the first derivative of 2*n**2 - 25*n + 128. Let a be 1/(-1 - -2)*10. List the prime factors of u(a).
3, 5
Let l be -3*(2/6 - 0). Let j = l + 15. What are the prime factors of j?
2, 7
Let l = 243 + -138. Suppose 0 = 5*r - l - 290. What are the prime factors of r?
79
Let c be (2 - 2) + 2 - 1. List the prime factors of (-915)/(-12) + c/(-4).
2, 19
Let d = 2 + -3. Let m(p) = -13*p**2 - p - 4. Let z(a) = 14*a**2 + a + 3. Let r(o) = 2*m(o) + 3*z(o). What are the prime factors of r(d)?
2
Let v(k) be the second derivative of k**4/12 - 2*k**3/3 + 3*k**2/2 - 9*k. What are the prime factors of v(4)?
3
Let p(a) = 8*a + 16. Let s be p(9). Let j = 32 - s. Let l = j + 97. List the prime factors of l.
41
Let i(x) = 29*x**2 + x + 54. List the prime factors of i(-10).
2, 23
Let q = -1032 - -1905. What are the prime factors of q?
3, 97
Suppose g - 1 = 4. Suppose 249 = g*n - 131. List the prime factors of n.
2, 19
Let a = 23 + -29. Let d(k) = -4 - 5 - k**2 - 5*k + 0*k**2 - 3*k. What are the prime factors of d(a)?
3
Suppose 0 = -k + r + 1679, -4*r = -129*k + 124*k + 8400. What are the prime factors of k?
2, 421
Suppose 4*w = -8, 2*x - 4*w - 194 = -2*w. Let j = x + -79. List the prime factors of j.
2
Let y(s) = 2*s**2 + 12*s + 15. Suppose 4*p - 3*r + 45 = -p, 2*p + 18 = 2*r. What are the prime factors of y(p)?
3, 23
Suppose -10*f + 36 = -4*f. Suppose 0 = -3*s + f, -7*s + 4*s + 366 = 3*j. List the prime factors of j.
2, 3, 5
Suppose -26*x + 7141 = -7523. What are the prime factors of x?
2, 3, 47
Suppose 0 = -4*l + l + 54. Suppose -12*u + l = -13*u. Let t = 53 + u. What are the prime factors of t?
5, 7
List the prime factors of (-9 + 4 + 16)*151.
11, 151
Suppose 4*h - 6581 = -177. Suppose -h = -4*g - 429. Suppose 0 = -w - 2*w + 3*v + 159, -5*w - 2*v = -g. List the prime factors of w.
3, 19
Suppose 3*g + 5*t - 91 = 0, -4*g + 121 + 5 = 2*t. Suppose 2*u - 3*x - g - 8 = 0, -78 = -5*u + 2*x. What are the prime factors of u?
2, 7
Let b(k) = 3*k + 24. Let f be b(-7). What are the prime factors of (-3 + 21)/(-1)*(-17)/f?
2, 3, 17
Suppose -35*w + 6209 = 1064. List the prime factors of w.
3, 7
Let l = -64 - -283. Suppose 5*h + 2*n - l = 0, -217 = -0*h - 5*h - n. List the prime factors of h.
43
Let y = 918 + -427. List the prime factors of y.
491
Suppose 3*k = 4*k + z - 456, k - 460 = z. What are the prime factors of k?
2, 229
Suppose -y + 2*h - 42 = -253, 3*y - 4*h = 637. List the prime factors of y.
5, 43
What are the prime factors of 22/121 - (0 - 20936/44)?
2, 7, 17
Let s(t) = 5*t - 8. Let n be s(2). Suppose -n*d + 7*d - 145 = -2*i, i = 2*d - 58. List the prime factors of d.
29
Let q be (-88)/6 + 32/(-24). Let i = 46 + q. What are the prime factors of i?
2, 3, 5
Suppose 0*s = -5*s + 2*j - 68, 3*j = -3. Let o = 78 + -44. Let n = o + s. What are the prime factors of n?
2, 5
Let r = 695 - 684. Let k(q) = q**3 - 6*q**2 + 6*q + 3. Let a be k(5). Let x = r - a. What are the prime factors of x?
3
List the prime factors of (-5536)/(-10) - 88/(-220).
2, 277
Suppose -3*w - w + 2*a + 6 = 0, -5*w = -a - 9. Suppose 5*r = -2*x + 120, 5*x = 2*r - 21 + w. List the prime factors of r.
2, 11
Let s be 32/(-56) - 78/(-14). Suppose -d - 3*w = -w - 96, -s*d - 3*w = -473. List the prime factors of d.
2, 47
Suppose -10520 = -3*n - 2*o, -n + 3503 = -0*o - 3*o. What are the prime factors of n?
2, 1753
Let x(m) = 3*m**2 - 7*m + 2. Suppose -3*k + 5 = -2*k - 2*d, 3*d - 17 = -2*k. Let g be x(k). Let b = g + -54. What are the prime factors of b?
2, 23
Suppose 4*w - w + 69 = 0. What are the prime factors of -2*(w/2 + -2)?
3
Let w(g) = -4*g + 7*g + 15 + g**2 + 8*g. Let y be w(-10). Suppose y*u - 32 = 8. List the prime factors of u.
2
Suppose 3*p + 4*y + 5 = -2, -1 = p + y. Suppose 2*s - 2*v - 108 = 0, 0 = s - p*s + 3*v + 105. List the prime factors of s.
3, 19
Let v = -299 - -422. Wh